s the units digit of p(0)?
3
Let o be (-1)/(-3) + (-8)/(-12). Let x be 1/(o + -2)*0. Suppose -2*k - 5*h - 14 = -x*h, -k + 23 = -5*h. What is the units digit of k?
3
Let s(a) be the first derivative of a**4/4 - 10*a**3/3 + 6*a**2 + 2*a - 5. What is the units digit of s(9)?
9
Let u(z) = z**2 - 3*z + 31. Let a(c) = 2*c**2 - 7*c + 62. Let x(d) = -4*a(d) + 9*u(d). What is the units digit of x(0)?
1
Suppose 0 = 5*i + 2*v - 89, -110 = -5*i + 8*v - 3*v. Suppose 0 = -3*f + 38 + i. What is the tens digit of f?
1
Suppose 3*w = 11 + 76. What is the tens digit of w?
2
What is the tens digit of (30/(-7))/((-1)/7)?
3
Let r = -41 - -61. Suppose -3*p + r = -4. What is the units digit of p?
8
Let w(g) = 6*g**3 - g. What is the units digit of w(2)?
6
Let l(m) = -14*m - 24. Let o(a) = -3*a - 5. Let q(z) = -3*l(z) + 16*o(z). Let r be q(-7). Suppose i + i = r. What is the units digit of i?
7
Let z = 49 + -29. Suppose -2*h + z = -0*h. What is the units digit of h?
0
Let n(o) = -36*o + 3. What is the units digit of n(-2)?
5
Suppose -6*x = -8*x + 60. What is the units digit of x?
0
Let o = 1 - -7. Let b = 28 - o. What is the tens digit of b?
2
Suppose -5*b + 11 = 3*z - 2*z, -3*b + 6 = 0. Let t be (z/1)/(3 + -4). What is the units digit of 1*(0 - 4/t)?
4
Suppose -2*k + 9 = k. What is the tens digit of 37 - k/9*9?
3
Let a = -1 + 1. Let z = -3 - -8. Suppose a = -z*w + 25. What is the units digit of w?
5
Suppose 4*q - 132 = 4*o, q = 5*q - 3*o - 134. What is the tens digit of q?
3
Let j = 16 - -10. What is the tens digit of j?
2
Let c(r) = r - 1. Let d be c(5). Suppose -d*v = -5*v + 3. What is the units digit of v?
3
Let c(v) = 49*v**2 + v - 1. Let s be c(1). Let n = s + -33. What is the units digit of 4/n*(2 + 18)?
5
Suppose -2*z + 12 = -z. What is the tens digit of ((-22)/4)/((-6)/z)?
1
Let k = 146 - -244. What is the tens digit of k?
9
Let y = 40 - -55. Suppose -q - 5*o + 5 = 1, 5*q + 2*o + y = 0. Let g = q - -29. What is the units digit of g?
8
Let c = -5 + 2. Let n = -1 + c. Let s = -3 - n. What is the units digit of s?
1
Let a(j) = -8*j - 3. Let o be a(-2). Let x = o - 9. Suppose -2*f + f + x = 0. What is the units digit of f?
4
Let i = 5 - 17. Let o = i - -40. What is the tens digit of o?
2
Suppose 2*f - 3*f = 0. Suppose -2*o + 4*o - 4 = f. What is the units digit of o?
2
Let v(a) = -a**3 - 15*a**2 - 5*a - 17. Let n(j) = -j**3 - 14*j**2 - 6*j - 16. Let f(l) = 6*n(l) - 5*v(l). What is the units digit of f(-8)?
3
Let z(d) = -d**2 - 8*d - 4. Let m be z(-4). Suppose 4*r - m = 4*o, -2*r + 4*o - 1 = -7. What is the units digit of r?
3
Suppose 2*a - w + 104 = 251, -a = 3*w - 70. What is the units digit of a?
3
What is the tens digit of (-6)/(-9)*189/6?
2
Suppose -6*v + 35 = 5*x - v, -5*v + 5 = -x. Suppose x*z = 13 + 17. What is the units digit of z?
6
Suppose -14*c + 5 = -9*c. What is the tens digit of -6*c/2 - -42?
3
Let g(l) = 3*l**2 + 34*l + 3. What is the tens digit of g(-14)?
1
Let v = -138 + 298. What is the hundreds digit of v?
1
Let g = -1 + 3. Let m be 2 + -2 + g + -27. What is the units digit of 38/5 - 10/m?
8
Suppose b = -0*b + 48. What is the units digit of b?
8
Suppose -m - 15 = -2*h - 3*h, -2*m - 20 = -5*h. Suppose 0 = -4*w + 4*p + 36 + 40, p = h. What is the units digit of w?
1
Suppose -3*r + 9 = -3. Let p be (4/((-2)/2))/(-1). Suppose p = -r*i + 40. What is the units digit of i?
9
Suppose 4*i + 14 = 38. What is the units digit of i?
6
Let p = 40 + 34. What is the units digit of p?
4
Let h = -5 - -3. Let d be ((-3)/h)/(9/12). Suppose 3*r - d*r - 13 = 0. What is the units digit of r?
3
Let i(a) = -27*a**3 - a**2 - a - 1. Suppose -5*u - 4 = -u. What is the tens digit of i(u)?
2
Let n(o) = -33*o + 5. What is the hundreds digit of n(-4)?
1
Let h(u) = -4*u**2 + u. Let r be h(1). Let l = r + 6. What is the units digit of l?
3
Suppose 0 = -3*f - 4*f + 420. Let b be ((-10)/(-6))/(1/9). Suppose f = 5*z + b. What is the units digit of z?
9
Suppose -76 - 30 = -2*h + 4*d, 3*h + 5*d - 148 = 0. What is the tens digit of h?
5
Suppose 0 = 5*t - 11 + 111. What is the tens digit of -11*(-2)/(-8)*t?
5
Let a be 5 + -2 + -3 + 2. Let y be ((-16)/(-6))/(-4)*-3. What is the units digit of y/(a - 20/11)?
1
Suppose y + 3*t = -t + 114, 0 = y - 3*t - 121. What is the units digit of y?
8
Suppose -16 = -0*q + 2*q - i, -2*q + 8 = 5*i. Let f = q - -16. What is the units digit of (24/(-10))/((-3)/f)?
8
What is the tens digit of 34 + (1 - (3 - 0))?
3
Let i = 242 + -113. Suppose 6*u - 3*u = i. What is the units digit of u?
3
Let x = -25 + 58. What is the units digit of x?
3
Let h = -10 - -14. Let k be (-23)/2 + (-2)/h. Let z = -7 - k. What is the units digit of z?
5
Suppose 5*q = 426 + 499. What is the tens digit of q?
8
Let a be (2/5)/((-4)/(-20)). Let r(t) = -4*t**2 + 3*t. Let b(v) = v**2 - 1. Let u(x) = -2*b(x) - r(x). What is the units digit of u(a)?
4
Let y(r) = -8*r - 3. What is the units digit of y(-1)?
5
Let p be (-1)/4 + 1/4. Let o be p - -1 - 12/(-6). Suppose 2*k = o*l - 5, -k + 3 = -l + 2*k. What is the units digit of l?
3
Let n be 5*1*(-4 - -12). Suppose -n = 2*l - 6*l. What is the tens digit of l?
1
Suppose 29 = -4*m + 5*m. What is the units digit of m?
9
Let d(v) = 13*v**2 + 16*v + 69. What is the hundreds digit of d(-5)?
3
Suppose 91*o = 96*o - 275. What is the units digit of o?
5
Let d(r) = r**3 + 6*r**2 + 3*r - 2. Suppose 0 = -5*i - 6*f + 2*f + 1, -3*i + 5*f - 29 = 0. What is the tens digit of d(i)?
1
Let y be 3 + (17*-2 - 1). Let f = -19 - y. What is the tens digit of f?
1
Let q be 8/5 - (-12)/(-20). Suppose -2*o + o = -q. Suppose -4*n - 74 = -5*w - 25, -o = -w + 3*n. What is the units digit of w?
3
Suppose -32 = 4*j - 2*q, 5*j + 4*q + 79 = 13. Let r = 2 - j. What is the units digit of r?
2
Let i(n) = 8 + n**2 - n + n**2 - n**3 + 4*n**2. Let d be i(6). Suppose 4*s - 7 = 3*l + 3, 3*s = -d*l + 16. What is the units digit of s?
4
Let z(b) = 2*b - 1. Let u be (-6)/(0 + 2) + 1. Let k(x) = -4*x - 2. Let t be k(u). What is the tens digit of z(t)?
1
Let g = -20 + 79. What is the tens digit of 1/(-2)*(-9 - g)?
3
Let a(i) = i**2 - 6*i. Let y be a(6). Let p be 42/(1 + (y - 0)). Suppose -n = 5*k - p, 3*n - 22 = -4*k + 2*k. What is the units digit of k?
8
Let p be ((-22)/10)/(3/(-15)). Let m = p - 8. What is the units digit of m?
3
Suppose -2*r + 3 = -2*k - 3*r, k + 2*r = -6. Let n be (-2 - 24 - k)/(-2). Let o = n + -3. What is the tens digit of o?
1
Let l(y) = -y**3 - 9*y**2 - 7*y + 19. What is the units digit of l(-8)?
1
Let x(v) = -2 + 0*v + v**2 + 13*v**2 - 3*v - 3*v**2. What is the units digit of x(2)?
6
Suppose -5*n = 2*j + 18, 18 = -5*j + 5*n - 4*n. Let c(m) be the second derivative of -m**5/20 - m**4/4 + m**3/3 - m**2 + m. What is the units digit of c(j)?
6
Suppose -i - 42 = 5*r + i, 0 = -2*i - 2. Let z = -6 - r. What is the units digit of z?
2
Suppose -3*t = g - 242, -4*g - 390 = -5*t + 19. What is the units digit of t?
1
Let a(j) = 6*j**3 + 10*j**2 + 17*j - 18. Let v(d) = d**3 + d - 1. Let n(l) = -a(l) + 5*v(l). What is the tens digit of n(-9)?
4
Suppose -4*w = w - 40. Let h(v) = -v. Let o(u) = u - 1. Let b(p) = -2*h(p) - o(p). What is the units digit of b(w)?
9
Suppose -4*w - 4*h + 105 = -9*h, -2*h - 77 = -3*w. What is the units digit of w?
5
Suppose 2*n + 258 = 5*r, 3*n - 5*n = -3*r + 154. What is the units digit of r?
2
Suppose -161 + 1796 = 5*j. What is the hundreds digit of j?
3
Suppose d = 4*d. Let a = d - -4. Suppose 1 = l - a. What is the units digit of l?
5
Let x be 1 + -2 + 3 - 2. Suppose -4*l + 32 = -x*l. What is the units digit of 1/2 + 36/l?
5
Let t = -5 + 3. Let p be t*1 + (-2)/(-2). Let k = p + 2. What is the units digit of k?
1
Suppose 3*t = 4*t + 1. What is the units digit of (-2 - -2) + 4 + t?
3
Let s be (-1)/3*0*1. Suppose -33 = -s*u - 3*u. What is the units digit of u?
1
Let o(h) = 3*h - 3. Let k be o(-8). Let r = k + 38. Suppose -r = -5*p + 19. What is the units digit of p?
6
Let g = -21 + 15. Let y(j) = j**2 + 5*j - 6. Let u be y(g). Suppose d + 2*x = 6, u = d - 2*x - 7 - 3. What is the units digit of d?
8
Let s(n) = -n + 4. Let r(v) = -v**3 - 4*v**2 - 4*v. Let a be r(-3). What is the units digit of s(a)?
1
Let m(p) = p**2 - 6*p + 2. Let b be m(6). Let u be 2 + -2 + 8/b. Suppose -u*l + 27 = -l. What is the units digit of l?
9
Suppose -17 = -3*n - 5*z 